{"id":100,"date":"2020-03-16T13:06:16","date_gmt":"2020-03-16T13:06:16","guid":{"rendered":"http:\/\/localhost\/epb_industrial_demos\/2\/?page_id=100"},"modified":"2024-02-13T15:49:13","modified_gmt":"2024-02-13T12:49:13","slug":"proje-muhendislik","status":"publish","type":"page","link":"https:\/\/ozfer.com\/?page_id=100","title":{"rendered":"Proje M\u00fchendislik"},"content":{"rendered":"\t\t<div data-elementor-type=\"wp-page\" data-elementor-id=\"100\" class=\"elementor elementor-100\">\n\t\t\t\t\t\t<section class=\"elementor-section elementor-top-section elementor-element elementor-element-5d94c059 elementor-section-boxed elementor-section-height-default elementor-section-height-default\" data-id=\"5d94c059\" data-element_type=\"section\">\n\t\t\t\t\t\t<div class=\"elementor-container elementor-column-gap-default\">\n\t\t\t\t\t<div class=\"elementor-column elementor-col-100 elementor-top-column elementor-element elementor-element-50a07c64\" data-id=\"50a07c64\" data-element_type=\"column\">\n\t\t\t<div class=\"elementor-widget-wrap elementor-element-populated\">\n\t\t\t\t\t\t<div class=\"elementor-element elementor-element-1f311372 elementor-widget elementor-widget-gallery_slider\" data-id=\"1f311372\" data-element_type=\"widget\" data-widget_type=\"gallery_slider.default\">\n\t\t\t\t<div class=\"elementor-widget-container\">\n\t\t\t<div class=\"gallery-fs\"><figure><img decoding=\"async\" src=\"https:\/\/ozfer.com\/wp-content\/uploads\/2024\/02\/Proje-Muhendislik-1.jpg\" alt=\"\"><\/figure><div class=\"gallery-fs-nav\"><button class=\"gallery-fs-fullscreen\"><i class=\"fa fa-arrows-alt\"><\/i><\/button><\/div><div class=\"gallery-fs-thumbnails gallery-fs-thumbnails-col-5 owl-carousel owl-loaded\"><a href='https:\/\/ozfer.com\/wp-content\/uploads\/2024\/02\/Proje-Muhendislik-1.jpg' data-caption='Proje Mu\u0308hendislik-1' title='Proje Mu\u0308hendislik-1' class=\"selected\"><img class='attachment-anps-gallery-thumb size-anps-gallery-thumb' src=https:\/\/ozfer.com\/wp-content\/uploads\/2024\/02\/Proje-Muhendislik-1.jpg sizes='(max-width: 280px) 100vw, 280px' width='280' height='158'><\/a><a href='https:\/\/ozfer.com\/wp-content\/uploads\/2024\/02\/Proje-Muhendislik-2.jpg' data-caption='Proje Mu\u0308hendislik-2' title='Proje Mu\u0308hendislik-2'><img class='attachment-anps-gallery-thumb size-anps-gallery-thumb' src=https:\/\/ozfer.com\/wp-content\/uploads\/2024\/02\/Proje-Muhendislik-2.jpg sizes='(max-width: 280px) 100vw, 280px' width='280' height='158'><\/a><a href='https:\/\/ozfer.com\/wp-content\/uploads\/2024\/02\/Proje-Muhendislik-3.jpg' data-caption='Proje Mu\u0308hendislik-3' title='Proje Mu\u0308hendislik-3'><img class='attachment-anps-gallery-thumb size-anps-gallery-thumb' src=https:\/\/ozfer.com\/wp-content\/uploads\/2024\/02\/Proje-Muhendislik-3.jpg sizes='(max-width: 280px) 100vw, 280px' width='280' height='158'><\/a><a href='https:\/\/ozfer.com\/wp-content\/uploads\/2024\/02\/Proje-Muhendislik-4.jpg' data-caption='Proje Mu\u0308hendislik-4' title='Proje Mu\u0308hendislik-4'><img class='attachment-anps-gallery-thumb size-anps-gallery-thumb' src=https:\/\/ozfer.com\/wp-content\/uploads\/2024\/02\/Proje-Muhendislik-4.jpg sizes='(max-width: 280px) 100vw, 280px' width='280' height='158'><\/a><a href='https:\/\/ozfer.com\/wp-content\/uploads\/2024\/02\/Proje-Muhendislik-5.jpg' data-caption='Proje Mu\u0308hendislik-5' title='Proje Mu\u0308hendislik-5'><img class='attachment-anps-gallery-thumb size-anps-gallery-thumb' src=https:\/\/ozfer.com\/wp-content\/uploads\/2024\/02\/Proje-Muhendislik-5.jpg sizes='(max-width: 280px) 100vw, 280px' width='280' height='158'><\/a><a href='https:\/\/ozfer.com\/wp-content\/uploads\/2024\/02\/Proje-Muhendislik-6.jpg' data-caption='Proje Mu\u0308hendislik-6' title='Proje Mu\u0308hendislik-6'><img class='attachment-anps-gallery-thumb size-anps-gallery-thumb' src=https:\/\/ozfer.com\/wp-content\/uploads\/2024\/02\/Proje-Muhendislik-6.jpg sizes='(max-width: 280px) 100vw, 280px' width='280' height='158'><\/a><a href='https:\/\/ozfer.com\/wp-content\/uploads\/2024\/02\/Proje-Muhendislik-7.jpg' data-caption='Proje Mu\u0308hendislik-7' title='Proje Mu\u0308hendislik-7'><img class='attachment-anps-gallery-thumb size-anps-gallery-thumb' src=https:\/\/ozfer.com\/wp-content\/uploads\/2024\/02\/Proje-Muhendislik-7.jpg sizes='(max-width: 280px) 100vw, 280px' width='280' height='158'><\/a><a href='https:\/\/ozfer.com\/wp-content\/uploads\/2024\/02\/Proje-Muhendislik-8.jpg' data-caption='Proje Mu\u0308hendislik-8' title='Proje Mu\u0308hendislik-8'><img class='attachment-anps-gallery-thumb size-anps-gallery-thumb' src=https:\/\/ozfer.com\/wp-content\/uploads\/2024\/02\/Proje-Muhendislik-8.jpg sizes='(max-width: 280px) 100vw, 280px' width='280' height='158'><\/a><a href='https:\/\/ozfer.com\/wp-content\/uploads\/2024\/02\/Proje-Muhendislik-9.jpg' data-caption='Proje Mu\u0308hendislik-9' title='Proje Mu\u0308hendislik-9'><img class='attachment-anps-gallery-thumb size-anps-gallery-thumb' src=https:\/\/ozfer.com\/wp-content\/uploads\/2024\/02\/Proje-Muhendislik-9.jpg sizes='(max-width: 280px) 100vw, 280px' width='280' height='158'><\/a><a href='https:\/\/ozfer.com\/wp-content\/uploads\/2024\/02\/Proje-Muhendislik-10.jpg' data-caption='Proje Mu\u0308hendislik-10' title='Proje Mu\u0308hendislik-10'><img class='attachment-anps-gallery-thumb size-anps-gallery-thumb' src=https:\/\/ozfer.com\/wp-content\/uploads\/2024\/02\/Proje-Muhendislik-10.jpg sizes='(max-width: 280px) 100vw, 280px' width='280' height='158'><\/a><\/div><\/div>\t\t<\/div>\n\t\t\t\t<\/div>\n\t\t\t\t\t<\/div>\n\t\t<\/div>\n\t\t\t\t\t<\/div>\n\t\t<\/section>\n\t\t\t\t<section class=\"elementor-section elementor-top-section elementor-element elementor-element-148aff23 elementor-section-boxed elementor-section-height-default elementor-section-height-default\" data-id=\"148aff23\" data-element_type=\"section\">\n\t\t\t\t\t\t<div class=\"elementor-container elementor-column-gap-default\">\n\t\t\t\t\t<div class=\"elementor-column elementor-col-100 elementor-top-column elementor-element elementor-element-6fe40bb5\" data-id=\"6fe40bb5\" data-element_type=\"column\">\n\t\t\t<div class=\"elementor-widget-wrap elementor-element-populated\">\n\t\t\t\t\t\t<div class=\"elementor-element elementor-element-6fd8980c elementor-widget elementor-widget-heading\" data-id=\"6fd8980c\" data-element_type=\"widget\" data-widget_type=\"heading.default\">\n\t\t\t\t<div class=\"elementor-widget-container\">\n\t\t\t<h3 class='heading-left  divider-sm'  style=\"color:#000000\"><span>PROJE M\u00dcHEND\u0130SL\u0130K<\/span><\/h3>\t\t<\/div>\n\t\t\t\t<\/div>\n\t\t\t\t<div class=\"elementor-element elementor-element-5d4f8828 elementor-widget elementor-widget-text-editor\" data-id=\"5d4f8828\" data-element_type=\"widget\" data-widget_type=\"text-editor.default\">\n\t\t\t\t<div class=\"elementor-widget-container\">\n\t\t\t\t\t\t\t<p class=\"p1\"><i>Kaliteli hizmetin tasar\u0131m a\u015famas\u0131nda sa\u011flanabilece\u011fi fikrini benimseyen firmam\u0131z, gen\u00e7&nbsp;<\/i><i style=\"color: var( --e-global-color-text ); font-family: var( --e-global-typography-text-font-family ), Sans-serif; font-weight: var( --e-global-typography-text-font-weight );\">ve dinamik ekibinin, bilgi ve birikimlerini en son teknolojik sistemlerle birle\u015ftirerek,&nbsp;<\/i><i style=\"color: var( --e-global-color-text ); font-family: var( --e-global-typography-text-font-family ), Sans-serif; font-weight: var( --e-global-typography-text-font-weight );\">mu\u0308\u015fterilerinin gereklerinden olan mu\u0308hendislik tasar\u0131mlar\u0131n\u0131n projelendirilmesini, teknik&nbsp;<\/i><i style=\"color: var( --e-global-color-text ); font-family: var( --e-global-typography-text-font-family ), Sans-serif; font-weight: var( --e-global-typography-text-font-weight );\">kontrolu\u0308nu\u0308 ve dan\u0131\u015fmanl\u0131k hizmetlerini sa\u011flar. \u00d6ZFER u\u0308ru\u0308n tasar\u0131m\u0131, proses tasar\u0131m\u0131 ve&nbsp;<\/i><i style=\"color: var( --e-global-color-text ); font-family: var( --e-global-typography-text-font-family ), Sans-serif; font-weight: var( --e-global-typography-text-font-weight );\">mu\u0308hendislik hizmetlerini de yaparak, mu\u0308\u015fterilerinin hakl\u0131 gu\u0308venini kazanm\u0131\u015ft\u0131r.<\/i><\/p>\t\t\t\t\t\t<\/div>\n\t\t\t\t<\/div>\n\t\t\t\t\t<\/div>\n\t\t<\/div>\n\t\t\t\t\t<\/div>\n\t\t<\/section>\n\t\t\t\t<\/div>\n\t\t","protected":false},"excerpt":{"rendered":"<p>PROJE M\u00dcHEND\u0130SL\u0130K Kaliteli hizmetin tasar\u0131m a\u015famas\u0131nda sa\u011flanabilece\u011fi fikrini benimseyen firmam\u0131z, gen\u00e7&nbsp;ve dinamik ekibinin, bilgi ve birikimlerini en son teknolojik sistemlerle birle\u015ftirerek,&nbsp;mu\u0308\u015fterilerinin gereklerinden olan mu\u0308hendislik tasar\u0131mlar\u0131n\u0131n projelendirilmesini, teknik&nbsp;kontrolu\u0308nu\u0308 ve dan\u0131\u015fmanl\u0131k hizmetlerini sa\u011flar. \u00d6ZFER u\u0308ru\u0308n tasar\u0131m\u0131, proses tasar\u0131m\u0131 ve&nbsp;mu\u0308hendislik hizmetlerini de yaparak, &hellip;<\/p>\n","protected":false},"author":1,"featured_media":0,"parent":0,"menu_order":0,"comment_status":"closed","ping_status":"closed","template":"","meta":{"footnotes":""},"class_list":["post-100","page","type-page","status-publish","hentry"],"_links":{"self":[{"href":"https:\/\/ozfer.com\/index.php?rest_route=\/wp\/v2\/pages\/100","targetHints":{"allow":["GET"]}}],"collection":[{"href":"https:\/\/ozfer.com\/index.php?rest_route=\/wp\/v2\/pages"}],"about":[{"href":"https:\/\/ozfer.com\/index.php?rest_route=\/wp\/v2\/types\/page"}],"author":[{"embeddable":true,"href":"https:\/\/ozfer.com\/index.php?rest_route=\/wp\/v2\/users\/1"}],"replies":[{"embeddable":true,"href":"https:\/\/ozfer.com\/index.php?rest_route=%2Fwp%2Fv2%2Fcomments&post=100"}],"version-history":[{"count":4,"href":"https:\/\/ozfer.com\/index.php?rest_route=\/wp\/v2\/pages\/100\/revisions"}],"predecessor-version":[{"id":667,"href":"https:\/\/ozfer.com\/index.php?rest_route=\/wp\/v2\/pages\/100\/revisions\/667"}],"wp:attachment":[{"href":"https:\/\/ozfer.com\/index.php?rest_route=%2Fwp%2Fv2%2Fmedia&parent=100"}],"curies":[{"name":"wp","href":"https:\/\/api.w.org\/{rel}","templated":true}]}}